the remainder when 31224 is divided by 7183.
2492
What is the remainder when 2807535 is divided by 467913?
57
What is the remainder when 28372438 is divided by 696?
694
What is the remainder when 127362 is divided by 6025?
837
What is the remainder when 648294 is divided by 215084?
3042
Calculate the remainder when 390959 is divided by 48864.
47
What is the remainder when 345443837 is divided by 2368?
2365
Calculate the remainder when 31796229 is divided by 218.
57
What is the remainder when 27245 is divided by 3017?
92
What is the remainder when 74520 is divided by 10638?
54
What is the remainder when 47176 is divided by 71?
32
Calculate the remainder when 3246309 is divided by 29.
20
Calculate the remainder when 59561 is divided by 70.
61
What is the remainder when 1500905 is divided by 2006?
417
What is the remainder when 1465116 is divided by 69767?
9
What is the remainder when 35090405 is divided by 240?
5
What is the remainder when 2598302 is divided by 173216?
62
What is the remainder when 3595457 is divided by 7634?
7477
Calculate the remainder when 403374 is divided by 1314.
1290
Calculate the remainder when 285760 is divided by 853.
5
Calculate the remainder when 2717649 is divided by 445.
34
Calculate the remainder when 108787493 is divided by 186.
185
What is the remainder when 7228533 is divided by 8?
5
Calculate the remainder when 11681051 is divided by 78926.
3
Calculate the remainder when 1761749043 is divided by 473.
472
Calculate the remainder when 1562965 is divided by 1462.
87
What is the remainder when 146704 is divided by 9?
4
Calculate the remainder when 3755500 is divided by 136.
132
What is the remainder when 15411 is divided by 619?
555
Calculate the remainder when 9098174 is divided by 1299699.
281
What is the remainder when 23457 is divided by 18675?
4782
Calculate the remainder when 109330 is divided by 109319.
11
What is the remainder when 10523685 is divided by 8?
5
Calculate the remainder when 472749 is divided by 965.
864
Calculate the remainder when 1741927 is divided by 177.
70
Calculate the remainder when 17254 is divided by 17115.
139
What is the remainder when 39312173 is divided by 313?
312
Calculate the remainder when 18629274 is divided by 285.
249
Calculate the remainder when 2649102 is divided by 405.
402
Calculate the remainder when 130536 is divided by 2536.
1200
Calculate the remainder when 2465764 is divided by 895.
39
What is the remainder when 1387530 is divided by 47840?
170
What is the remainder when 5299147 is divided by 2705?
52
Calculate the remainder when 106155 is divided by 7118.
6503
What is the remainder when 3230280 is divided by 220?
20
Calculate the remainder when 9507 is divided by 2033.
1375
What is the remainder when 23217259 is divided by 599?
19
What is the remainder when 933904 is divided by 933418?
486
What is the remainder when 320651 is divided by 858?
617
Calculate the remainder when 14769 is divided by 4660.
789
What is the remainder when 165541 is divided by 1534?
1403
Calculate the remainder when 2126575 is divided by 1076.
399
What is the remainder when 6230084 is divided by 3114871?
342
Calculate the remainder when 28509 is divided by 990.
789
What is the remainder when 1351514781 is divided by 29?
28
What is the remainder when 456371 is divided by 998?
285
Calculate the remainder when 299337 is divided by 1263.
6
Calculate the remainder when 4640966 is divided by 55.
11
Calculate the remainder when 8574055 is divided by 298.
297
What is the remainder when 153203 is divided by 2425?
428
Calculate the remainder when 10496 is divided by 267.
83
Calculate the remainder when 1355823 is divided by 2387.
7
What is the remainder when 361866 is divided by 7866?
30
Calculate the remainder when 1358451 is divided by 1259.
1249
What is the remainder when 316409 is divided by 5020?
149
Calculate the remainder when 709418 is divided by 290.
78
What is the remainder when 21613 is divided by 10726?
161
Calculate the remainder when 33089 is divided by 1136.
145
What is the remainder when 1039178 is divided by 932?
930
Calculate the remainder when 24545034 is divided by 419.
14
What is the remainder when 4628970 is divided by 285?
0
What is the remainder when 732424 is divided by 732361?
63
Calculate the remainder when 5674207 is divided by 192.
31
Calculate the remainder when 4147248 is divided by 1565.
1563
Calculate the remainder when 113496 is divided by 2858.
2034
Calculate the remainder when 5784587 is divided by 5649.
11
Calculate the remainder when 2585072 is divided by 13.
9
What is the remainder when 613221 is divided by 47169?
24
Calculate the remainder when 157886 is divided by 7502.
344
Calculate the remainder when 490176 is divided by 35011.
22
Calculate the remainder when 101195 is divided by 1749.
1502
What is the remainder when 1473864 is divided by 294756?
84
Calculate the remainder when 13483849 is divided by 2693.
2691
Calculate the remainder when 32934 is divided by 5477.
72
What is the remainder when 1287562 is divided by 53?
33
What is the remainder when 205650118 is divided by 1560?
1558
What is the remainder when 18577432 is divided by 1433?
20
Calculate the remainder when 26319688 is divided by 6231.
6175
Calculate the remainder when 24744892 is divided by 6186222.
4
What is the remainder when 5967649 is divided by 17867?
71
What is the remainder when 1273572197 is divided by 200?
197
Calculate the remainder when 47949299 is divided by 2663849.
17
What is the remainder when 23064 is divided by 2274?
324
Calculate the remainder when 2286655 is divided by 83.
5
Calculate the remainder when 355290 is divided by 176840.
1610
Calculate the remainder when 1083869 is divided by 37374.
23
What is the remainder when 8668915 is divided by 244?
83
Calculate the remainder when 32622 is divided by 1481.
40
What is the remainder when 28767 is divided by 126?
39
What is the remainder when 9347688 is divided by 2536?
2528
Calculate the remainder when 14493 is divided by 6024.
2445
What is the remainder when 33200 is divided by 33111?
89
Calculate the remainder when 4289989 is divided by 3405.
3094
Calculate the remainder when 124553 is divided by 24838.
363
What is the remainder when 197371 is divided by 7597?
7446
Calculate the remainder when 1694039 is divided by 1912.
7
What is the remainder when 105679785 is divided by 145?
15
Calculate the remainder when 3499361 is divided by 7127.
4
Calculate the remainder when 899117 is divided by 928.
813
Calculate the remainder when 49449 is divided by 15057.
4278
What is the remainder when 1299943 is divided by 578?
21
What is the remainder when 214734 is divided by 144?
30
Calculate the remainder when 8050343 is divided by 697.
690
What is the remainder when 2812055 is divided by 1381?
339
What is the remainder when 5353720 is divided by 4948?
4932
Calculate the remainder when 9658299 is divided by 240.
219
What is the remainder when 5023336 is divided by 112?
24
Calculate the remainder when 76982 is divided by 38457.
68
What is the remainder when 598164 is divided by 17060?
1064
Calculate the remainder when 47454 is divided by 47379.
75
What is the remainder when 32340 is divided by 1668?
648
Calculate the remainder when 82181 is divided by 82015.
166
Calculate the remainder when 162706 is divided by 315.
166
What is the remainder when 1035742 is divided by 2713?
2089
Calculate the remainder when 9434486 is divided by 10.
6
What is the remainder when 927665 is divided by 309202?
59
Calculate the remainder when 23942 is divided by 64.
6
What is the remainder when 2418546 is divided by 186?
174
Calculate the remainder when 72579960 is divided by 3628997.
20
What is the remainder when 3881620 is divided by 1034?
1018
Calculate the remainder when 1661047 is divided by 553681.
4
What is the remainder when 27710 is divided by 1443?
293
What is the remainder when 3478098 is divided by 40442?
86
What is the remainder when 499488 is divided by 1784?
1752
Calculate the remainder when 39559249 is divided by 85.
79
Calculate the remainder when 4246505 is divided by 3683.
6
Calculate the remainder when 3021487 is divided by 4298.
4291
What is the remainder when 21335141 is divided by 10667542?
57
What is the remainder when 36558 is divid